on divisor of 255328 and 303?
101
Calculate the greatest common divisor of 6 and 1820076.
6
Calculate the greatest common factor of 112 and 26816.
16
What is the greatest common factor of 1694 and 13013?
77
Calculate the greatest common factor of 35 and 85435.
35
Calculate the greatest common factor of 2006 and 122910.
34
What is the highest common factor of 88 and 1573?
11
What is the highest common factor of 60 and 1182255?
15
Calculate the highest common factor of 741 and 10423647.
741
Calculate the highest common divisor of 9 and 1869471.
9
Calculate the highest common factor of 7388014 and 2116.
1058
What is the greatest common divisor of 2728440 and 24?
24
Calculate the greatest common factor of 2 and 603620.
2
Calculate the highest common factor of 4970 and 1050.
70
Calculate the greatest common divisor of 6206 and 21614.
214
Calculate the highest common factor of 6910 and 4133562.
1382
What is the highest common factor of 115 and 36018?
23
What is the greatest common factor of 80 and 21350?
10
Calculate the highest common factor of 259 and 1193398.
37
What is the greatest common factor of 174603 and 20757?
1221
What is the highest common divisor of 1007 and 90789?
53
What is the greatest common factor of 165 and 83303?
11
Calculate the highest common factor of 5874 and 6798.
66
What is the greatest common divisor of 1275021 and 4081?
583
What is the highest common factor of 212708 and 82?
82
What is the greatest common factor of 440 and 480920?
440
Calculate the greatest common divisor of 434 and 186.
62
What is the greatest common divisor of 395850 and 3850?
350
Calculate the highest common factor of 558304 and 4964.
292
What is the highest common divisor of 35998 and 902?
82
Calculate the greatest common factor of 150 and 74420.
10
Calculate the greatest common factor of 1160262 and 146.
146
Calculate the greatest common divisor of 4 and 16140.
4
What is the greatest common factor of 50501 and 88?
11
What is the highest common divisor of 397668 and 12?
12
Calculate the greatest common divisor of 24633 and 4301.
391
Calculate the greatest common factor of 5520 and 10.
10
What is the greatest common divisor of 53487 and 135?
27
What is the greatest common divisor of 352420 and 110?
10
Calculate the highest common factor of 529821 and 405.
81
What is the highest common divisor of 6349460 and 65?
65
Calculate the highest common divisor of 6712 and 128.
8
Calculate the greatest common divisor of 11 and 4562668.
11
Calculate the greatest common divisor of 112266 and 5874.
66
Calculate the greatest common factor of 183799 and 147.
49
Calculate the highest common divisor of 5967 and 11700.
117
What is the highest common factor of 194905 and 15?
5
Calculate the greatest common factor of 36 and 24984.
36
What is the greatest common divisor of 663 and 240771?
51
Calculate the greatest common factor of 1260 and 645.
15
What is the greatest common divisor of 4 and 5130468?
4
What is the highest common factor of 214 and 33491?
107
What is the greatest common divisor of 20114 and 5162?
178
Calculate the greatest common factor of 139706 and 476.
238
Calculate the greatest common factor of 114 and 4362.
6
What is the highest common divisor of 1095 and 31244?
73
What is the highest common factor of 13624 and 312?
104
Calculate the greatest common divisor of 563688 and 252.
36
Calculate the greatest common divisor of 55 and 19460.
5
Calculate the highest common divisor of 27 and 659.
1
What is the highest common factor of 2951 and 454?
227
Calculate the greatest common divisor of 2124 and 85668.
708
Calculate the highest common factor of 156693 and 1.
1
What is the highest common divisor of 36208 and 186?
62
Calculate the highest common divisor of 537 and 183833.
179
Calculate the greatest common factor of 668442 and 18.
6
Calculate the highest common factor of 244178 and 5566.
242
Calculate the highest common divisor of 195810 and 107970.
1830
Calculate the greatest common factor of 319 and 28246.
29
Calculate the greatest common factor of 30 and 843.
3
Calculate the highest common divisor of 1460 and 27940.
20
What is the highest common factor of 136838 and 52?
26
Calculate the highest common divisor of 20979 and 31783.
37
What is the highest common divisor of 134 and 6539066?
134
What is the highest common divisor of 5024 and 87776?
32
Calculate the highest common factor of 60690 and 420.
210
Calculate the highest common factor of 524114 and 3794.
542
What is the highest common factor of 2240 and 3880?
40
Calculate the highest common factor of 59355 and 18.
9
Calculate the greatest common divisor of 404 and 8104.
4
What is the greatest common divisor of 2185 and 7935?
115
What is the highest common factor of 961168 and 416?
208
What is the highest common divisor of 5792 and 2080?
32
Calculate the highest common divisor of 5 and 3785.
5
What is the highest common divisor of 87510 and 5910?
30
What is the highest common factor of 1512 and 2676996?
756
What is the greatest common divisor of 575 and 82455?
115
Calculate the greatest common factor of 5394 and 78306.
186
Calculate the greatest common factor of 418367 and 439.
439
What is the greatest common divisor of 1755435 and 165?
165
What is the highest common divisor of 10 and 41506?
2
Calculate the highest common factor of 275750 and 1250.
250
What is the highest common divisor of 59356 and 87685?
1349
What is the greatest common factor of 20 and 300068?
4
Calculate the greatest common divisor of 26982 and 1638.
18
Calculate the greatest common divisor of 149328 and 6.
6
What is the highest common divisor of 1748 and 77188?
92
What is the highest common factor of 411137 and 137?
137
Calculate the highest common factor of 261175 and 10.
5
Calculate the greatest common factor of 4228 and 256096.
604
What is the greatest common divisor of 469482 and 16224?
1014
What is the greatest common divisor of 97650 and 108?
18
Calculate the highest common divisor of 42 and 168882.
42
Calculate the greatest common divisor of 2193174 and 18.
18
Calculate the highest common divisor of 26994 and 4686.
66
What is the highest common factor of 242 and 10274?
22
What is the greatest common divisor of 124 and 29776?
4
What is the highest common divisor of 25 and 13045?
5
Calculate the greatest common divisor of 16074 and 16967.
893
Calculate the greatest common factor of 285809 and 2757.
919
Calculate the highest common factor of 79165 and 892.
223
Calculate the highest common divisor of 76368 and 2331.
111
Calculate the highest common factor of 11343 and 16716.
597
What is the highest common divisor of 150 and 513975?
75
Calculate the greatest common factor of 2704 and 5008.
16
What is the greatest common divisor of 1379 and 610503?
197
Calculate the highest common factor of 5945 and 319.
29
Calculate the highest common divisor of 36 and 84429.
9
Calculate the greatest common divisor of 533 and 10355124.
533
What is the highest common divisor of 1620231 and 47?
47
Calculate the highest common factor of 273 and 611.
13
What is the highest common divisor of 191 and 50233?
191
Calculate the greatest common factor of 2296 and 70274.
82
Calculate the greatest common factor of 2376 and 26378.
22
What is the highest common divisor of 29150 and 120575?
1325
Calculate the greatest common factor of 362001 and 469.
67
Calculate the greatest common factor of 2970 and 86670.
270
Calculate the highest common factor of 1104 and 22448.
368
What is the greatest common divisor of 69 and 224158?
23
What is the greatest common factor of 4256 and 120992?
608
Calculate the greatest common divisor of 100 and 445225.
25
What is the highest common divisor of 98 and 609021?
49
Calculate the greatest common divisor of 1422167 and 41.
41
Calculate the greatest common factor of 56888 and 832.
104
Calculate the highest common factor of 12 and 17069.
1
Calculate the greatest common divisor of 11140 and 36.
4
Calculate the greatest common factor of 160 and 570.
10
Calculate the greatest common factor of 119 and 28693.
7
Calculate the highest common factor of 84 and 7504.
28
What is the greatest common divisor of 22 and 337238?
22
What is the highest common factor of 30030 and 12558?
546
Calculate the greatest common divisor of 812 and 226142.
40